234028?
2, 3, 11, 29, 239
What are the prime factors of 299130?
2, 3, 5, 13, 59
What are the prime factors of 1438609?
1438609
List the prime factors of 910552.
2, 113819
List the prime factors of 4518029.
19, 237791
What are the prime factors of 71018?
2, 35509
What are the prime factors of 354578?
2, 7, 19, 31, 43
What are the prime factors of 529209?
3, 127, 463
What are the prime factors of 2085121?
2085121
List the prime factors of 8353750.
2, 5, 41, 163
What are the prime factors of 2247955?
5, 449591
What are the prime factors of 799128?
2, 3, 11, 1009
What are the prime factors of 541199?
37, 14627
What are the prime factors of 87454?
2, 73, 599
List the prime factors of 24341158.
2, 59, 206281
List the prime factors of 7361.
17, 433
What are the prime factors of 525240?
2, 3, 5, 1459
List the prime factors of 87945.
3, 5, 11, 13, 41
What are the prime factors of 250921?
11, 22811
What are the prime factors of 1601503?
1601503
What are the prime factors of 1136051?
7, 162293
List the prime factors of 510522.
2, 3, 85087
List the prime factors of 4933889.
4933889
List the prime factors of 696887.
696887
What are the prime factors of 14075548?
2, 3518887
List the prime factors of 1769044.
2, 37, 11953
List the prime factors of 9598771.
7, 13, 313, 337
List the prime factors of 2339083.
373, 6271
List the prime factors of 13533816.
2, 3, 619, 911
List the prime factors of 145168.
2, 43, 211
List the prime factors of 7584307.
431, 17597
What are the prime factors of 24984993?
3, 11, 367, 2063
List the prime factors of 9459109.
11, 859919
What are the prime factors of 8849081?
8849081
List the prime factors of 582426.
2, 3, 13, 19, 131
What are the prime factors of 22046742?
2, 3, 23, 61, 97
List the prime factors of 324217.
324217
List the prime factors of 7130175.
3, 5, 13, 71, 103
List the prime factors of 312815.
5, 62563
What are the prime factors of 2424915?
3, 5, 53887
List the prime factors of 31242566.
2, 17, 918899
What are the prime factors of 2288489?
7, 17, 19231
What are the prime factors of 477395?
5, 95479
List the prime factors of 4720757.
1091, 4327
What are the prime factors of 61079?
103, 593
What are the prime factors of 2921721?
3, 11, 29, 43, 71
List the prime factors of 309825.
3, 5, 17
List the prime factors of 524174.
2, 7, 37441
What are the prime factors of 6201936?
2, 3, 13, 3313
List the prime factors of 32279244.
2, 3, 37, 72701
What are the prime factors of 1916474?
2, 7, 367, 373
What are the prime factors of 6352348?
2, 1588087
List the prime factors of 2583952.
2, 7, 23071
What are the prime factors of 4824905?
5, 964981
What are the prime factors of 8016085?
5, 7, 11, 47, 443
What are the prime factors of 527396?
2, 131849
What are the prime factors of 542276?
2, 7, 107, 181
What are the prime factors of 709283?
709283
What are the prime factors of 1395325?
5, 55813
List the prime factors of 321676.
2, 137, 587
What are the prime factors of 152587?
53, 2879
List the prime factors of 16543412.
2, 4135853
What are the prime factors of 2658499?
19, 139921
What are the prime factors of 398510?
2, 5, 7, 5693
What are the prime factors of 5144?
2, 643
What are the prime factors of 791007?
3, 7, 5381
What are the prime factors of 6241038?
2, 3, 199, 5227
List the prime factors of 1013059.
151, 6709
What are the prime factors of 567344?
2, 59, 601
What are the prime factors of 16732579?
16732579
List the prime factors of 486797.
486797
List the prime factors of 232656.
2, 3, 37, 131
What are the prime factors of 241943?
13, 37, 503
What are the prime factors of 2198539?
7, 314077
What are the prime factors of 508785?
3, 5, 107, 317
List the prime factors of 1540807.
1540807
What are the prime factors of 6404806?
2, 107, 173
What are the prime factors of 1648645?
5, 329729
What are the prime factors of 89646?
2, 3, 67, 223
What are the prime factors of 3783129?
3, 7, 17, 10597
List the prime factors of 282344.
2, 29, 1217
What are the prime factors of 2380394?
2, 43, 89, 311
What are the prime factors of 448002?
2, 3, 24889
List the prime factors of 17965097.
733, 24509
What are the prime factors of 14596968?
2, 3, 608207
List the prime factors of 1753616.
2, 127, 863
List the prime factors of 1764480.
2, 3, 5, 919
List the prime factors of 4146428.
2, 11, 13, 659
What are the prime factors of 2309660?
2, 5, 23, 5021
What are the prime factors of 185821?
185821
What are the prime factors of 2699417?
7, 385631
List the prime factors of 356296.
2, 44537
List the prime factors of 618512.
2, 29, 31, 43
What are the prime factors of 63205?
5, 12641
List the prime factors of 53503.
53503
What are the prime factors of 157995?
3, 5, 3511
List the prime factors of 2886243.
3, 17, 3329
What are the prime factors of 5414893?
11, 211, 2333
What are the prime factors of 206700?
2, 3, 5, 13, 53
List the prime factors of 7092125.
5, 56737
List the prime factors of 15054062.
2, 857, 8783
What are the prime factors of 1379041?
479, 2879
What are the prime factors of 762364?
2, 190591
What are the prime factors of 84531?
3, 19, 1483
What are the prime factors of 2952556?
2, 23, 67, 479
List the prime factors of 2392913.
71, 33703
List the prime factors of 234451.
7, 33493
What are the prime factors of 83833?
83833
What are the prime factors of 199956?
2, 3, 19, 877
List the prime factors of 262064.
2, 11, 1489
List the prime factors of 6310618.
2, 349, 9041
What are the prime factors of 13559346?
2, 3, 251099
List the prime factors of 278878.
2, 139439
What are the prime factors of 47723?
13, 3671
What are the prime factors of 575526?
2, 3, 7, 71, 193
What are the prime factors of 812271?
3, 73, 3709
List the prime factors of 4414745.
5, 19, 46471
List the prime factors of 5660327.
5660327
What are the prime factors of 219831?
3, 73277
What are the prime factors of 163948?
2, 17, 2411
What are the prime factors of 3392?
2, 53
What are the prime factors of 1241625?
3, 5, 7, 11, 43
List the prime factors of 290610.
2, 3, 5, 3229
List the prime factors of 59377.
59377
List the prime factors of 203390.
2, 5, 11, 43
List the prime factors of 1959835.
5, 391967
List the prime factors of 10329705.
3, 5, 229549
What are the prime factors of 2933787?
3, 47, 20807
List the prime factors of 380879.
380879
What are the prime factors of 5386676?
2, 1346669
What are the prime factors of 6012015?
3, 5, 487, 823
List the prime factors of 1907042.
2, 953521
List the prime factors of 12587768.
2, 59, 26669
List the prime factors of 94797.
3, 3511
List the prime factors of 18762.
2, 3, 53, 59
What are the prime factors of 1721398?
2, 7, 122957
What are the prime factors of 9493759?
11, 29, 29761
What are the prime factors of 311942?
2, 19, 8209
List the prime factors of 247965.
3, 5, 61, 271
List the prime factors of 375576.
2, 3, 15649
What are the prime factors of 138015?
3, 5, 3067
List the prime factors of 5373315.
3, 5, 97, 1231
List the prime factors of 153526.
2, 29, 2647
What are the prime factors of 39266708?
2, 13, 31, 24359
What are the prime factors of 229033?
7, 32719
What are the prime factors of 4674087?
3, 11, 31, 1523
List the prime factors of 82745.
5, 13, 19, 67
What are the prime factors of 316255?
5, 19, 3329
What are the prime factors of 13480350?
2, 3, 5, 13, 31, 223
List the prime factors of 5775718.
2, 13, 193, 1151
What are the prime factors of 454522?
2, 31, 7331
List the prime factors of 89138.
2, 7, 6367
What are the prime factors of 5974265?
5, 11, 19, 5717
What are the prime factors of 17409177?
3, 827, 2339
What are the prime factors of 4136807?
353, 11719
What are the prime factors of 4045293?
3, 7, 9173
What are the prime factors of 2684657?
17, 79, 1999
What are the prime factors of 112208?
2, 7013
List the prime factors of 707868.
2, 3, 7, 53
What are the prime factors of 3073345?
5, 11, 17, 19, 173
List the prime factors of 12846744.
2, 3, 113, 1579
List the prime factors of 911269.
911269
What are the prime factors of 358777?
19, 23, 821
List the prime factors of 535875.
3, 5, 1429
What are the prime factors of 103446?
2, 3, 7, 821
List the prime factors of 7843469.
7843469
What are the prime factors of 5708066?
2, 7, 13, 79, 397
List the prime factors of 18684088.
2, 17, 137383
What are the prime factors of